{"id":550,"date":"2021-06-09T11:40:54","date_gmt":"2021-06-09T09:40:54","guid":{"rendered":"http:\/\/aessfg.fr\/?page_id=550"},"modified":"2023-02-08T18:16:23","modified_gmt":"2023-02-08T17:16:23","slug":"galerie-photos-specimens","status":"publish","type":"page","link":"https:\/\/aessfg.fr\/?page_id=550","title":{"rendered":"Galerie photos sp\u00e9cimens"},"content":{"rendered":"\n<p><\/p>\n\n\n\n<p><\/p>\n\n\n\n<p class=\"has-medium-font-size\">Cet acc\u00e8s est r\u00e9serv\u00e9 aux membres de l&rsquo;association AESSFG.<\/p>\n\n\n\n<p>Dans le cadre d&rsquo;\u00e9tudes en cours sur des familles ou genres sp\u00e9cifiques, une Galerie Photo est \u00e0 la disposition des intervenants. <\/p>\n\n\n\n<p>Actuellement, les esp\u00e8ces suivantes sont en cours d&rsquo;\u00e9tude :<\/p>\n\n\n\n<p class=\"has-text-color has-small-font-size\" style=\"color:#770921\">Melongena (Cornulina) minax<\/p>\n\n\n\n<p class=\"has-text-color has-small-font-size\" style=\"color:#770921\">Melongena (Cornulina) praecursor<\/p>\n\n\n\n<p class=\"has-text-color has-small-font-size\" style=\"color:#770921\">Athleta athleta<\/p>\n\n\n\n<p class=\"has-text-color has-small-font-size\" style=\"color:#770921\">Athleta Strombiformis<\/p>\n\n\n\n<p><\/p>\n\n\n\n<p>Pour y acc\u00e9der, cliquez sur :<\/p>\n\n\n\n<p class=\"has-text-align-center has-text-color has-medium-font-size\" style=\"color:#0b4f6d\"><strong><a href=\"http:\/\/www.aessfg.fr\/data\/p1\/index-adm.php\" data-type=\"URL\">Acc\u00e8s \u00e0 la PHOTOTHEQUE<\/a><\/strong><\/p>\n\n\n\n<p><\/p>\n","protected":false},"excerpt":{"rendered":"<p>Cet acc\u00e8s est r\u00e9serv\u00e9 aux membres de l&rsquo;association AESSFG. Dans le cadre d&rsquo;\u00e9tudes en cours sur des familles ou genres sp\u00e9cifiques, une Galerie Photo est \u00e0 la disposition des intervenants. Actuellement, les esp\u00e8ces suivantes sont en cours d&rsquo;\u00e9tude : Melongena (Cornulina) minax Melongena (Cornulina) praecursor Athleta athleta Athleta Strombiformis Pour y acc\u00e9der, cliquez sur : &hellip; <a href=\"https:\/\/aessfg.fr\/?page_id=550\" class=\"more-link\">Continuer la lecture de <span class=\"screen-reader-text\">Galerie photos sp\u00e9cimens<\/span>  <span class=\"meta-nav\">&rarr;<\/span><\/a><\/p>\n","protected":false},"author":2,"featured_media":0,"parent":0,"menu_order":0,"comment_status":"closed","ping_status":"closed","template":"","meta":{"footnotes":""},"class_list":["post-550","page","type-page","status-publish","hentry"],"_links":{"self":[{"href":"https:\/\/aessfg.fr\/index.php?rest_route=\/wp\/v2\/pages\/550","targetHints":{"allow":["GET"]}}],"collection":[{"href":"https:\/\/aessfg.fr\/index.php?rest_route=\/wp\/v2\/pages"}],"about":[{"href":"https:\/\/aessfg.fr\/index.php?rest_route=\/wp\/v2\/types\/page"}],"author":[{"embeddable":true,"href":"https:\/\/aessfg.fr\/index.php?rest_route=\/wp\/v2\/users\/2"}],"replies":[{"embeddable":true,"href":"https:\/\/aessfg.fr\/index.php?rest_route=%2Fwp%2Fv2%2Fcomments&post=550"}],"version-history":[{"count":9,"href":"https:\/\/aessfg.fr\/index.php?rest_route=\/wp\/v2\/pages\/550\/revisions"}],"predecessor-version":[{"id":646,"href":"https:\/\/aessfg.fr\/index.php?rest_route=\/wp\/v2\/pages\/550\/revisions\/646"}],"wp:attachment":[{"href":"https:\/\/aessfg.fr\/index.php?rest_route=%2Fwp%2Fv2%2Fmedia&parent=550"}],"curies":[{"name":"wp","href":"https:\/\/api.w.org\/{rel}","templated":true}]}}