{"id":25,"date":"2015-08-02T22:29:14","date_gmt":"2015-08-02T20:29:14","guid":{"rendered":"http:\/\/aessfg.fr\/v2\/?page_id=25"},"modified":"2025-02-15T10:10:47","modified_gmt":"2025-02-15T09:10:47","slug":"devenir-membre-de-laessfg","status":"publish","type":"page","link":"https:\/\/aessfg.fr\/?page_id=25","title":{"rendered":"REJOIGNEZ NOUS !"},"content":{"rendered":"<table border=\"0\" width=\"560\" cellspacing=\"0\" cellpadding=\"0\">\n<tbody>\n<tr>\n<td class=\"pageHeader Style7\">\n<h4 style=\"text-align: center;\"><span style=\"color: #003366;\">Comment devenir membre de l&rsquo;AESSFG ?<\/span><\/h4>\n<\/td>\n<\/tr>\n<tr>\n<td class=\"bodyText\">\n<h4 class=\"Style20\" style=\"text-align: center;\"><span style=\"color: #003366;\">Nos actions vous int\u00e9resse ?<\/span><\/h4>\n<h6 class=\"Style15\" style=\"text-align: center;\"><span style=\"color: #003366;\"><strong>V<\/strong>oici avant tout les objectifs de l&rsquo;AESSFG :<\/span><\/h6>\n<h6 class=\"Style16\"><span style=\"color: #003366;\">Extrait de l&rsquo;article 1 des statuts de l&rsquo;AESSFG :<\/span><\/h6>\n<p class=\"Style13\" align=\"justify\">L\u2019a<span style=\"color: #003366;\">ssociation dite A.E.S.S.F.G. \u00ab Association pour l\u2019\u00c9tude et la Sauvegarde des Sites Fossilif\u00e8res et G\u00e9ologiques \u00bb a pour but l\u2019\u00e9tude des faunes et des flores, pr\u00e9sentes dans les diff\u00e9rents gisements de l\u2019\u00e8re Tertiaire et Quaternaire situ\u00e9s sur le territoire national d\u2019une part, et l\u2019\u00e9tude des faunes et des flores actuelles correspondantes.<\/span><\/p>\n<p><span style=\"color: #003366;\">Son objet est de :<\/span><\/p>\n<p><span style=\"color: #003366;\">\u00b7 rassembler et g\u00e9rer des comp\u00e9tences pluridisciplinaires (amateurs ou professionnelles) pour \u00eatre en mesure de r\u00e9aliser des \u00e9tudes de gisements couvrant plusieurs aspects : g\u00e9ologie locale, stratigraphie, pal\u00e9ontologie, pal\u00e9o\u00e9cologie, lithologie, s\u00e9dimentologie, biologie ;<\/span><\/p>\n<p><span style=\"color: #003366;\">\u00b7 assurer les relations avec les exploitants des sites et obtenir les autorisations d\u2019acc\u00e8s n\u00e9cessaires ;<\/span><\/p>\n<p><span style=\"color: #003366;\">\u00b7 coordonner les activit\u00e9s de terrain n\u00e9cessaires \u00e0 ces \u00e9tudes en portant une attention particuli\u00e8re aux mesures de s\u00e9curit\u00e9 ;<\/span><\/p>\n<p><span style=\"color: #003366;\">\u00b7 coordonner les activit\u00e9s de laboratoire cons\u00e9cutives \u00e0 ces activit\u00e9s de terrain ;<\/span><\/p>\n<p><span style=\"color: #003366;\">\u00b7 porter les r\u00e9sultats de ces \u00e9tudes \u00e0 la connaissance de tous au travers de publications papier ou \u00e9lectroniques ;<\/span><\/p>\n<p><span style=\"color: #003366;\">\u00b7 rechercher, dans la mesure de ses moyens, des solutions pour la pr\u00e9servation des sites g\u00e9ologiques d\u2019int\u00e9r\u00eat ;<\/span><\/p>\n<p><span style=\"color: #003366;\">\u00b7 rechercher, dans la mesure de ses moyens, des solutions pour la pr\u00e9servation des collections priv\u00e9es ou publiques qui pourraient d\u00e9couler de ces \u00e9tudes ;<\/span><\/p>\n<p><span style=\"color: #003366;\">\u00b7 transmettre ses connaissances \u00e0 tout organisme ou \u00e9tablissement de l\u2019enseignement qui souhaiteraient en b\u00e9n\u00e9ficier, sous forme d\u2019interventions \u00e0 caract\u00e8re p\u00e9dagogique telles que par exemple, ateliers ou sorties terrain encadr\u00e9es ;<\/span><\/p>\n<p><span style=\"color: #003366;\">\u00b7 collaborer avec les institutions d\u00e9sireuses de s\u2019impliquer dans les actions de protection entreprises par l\u2019AESSFG, y compris par l\u2019implication \u00e0 plein temps d\u2019un ou plusieurs membres de l\u2019AESSFG dans ce type de collaboration ;<\/span><\/p>\n<p><span style=\"color: #003366;\">\u00b7 r\u00e9alisation, dans un but p\u00e9dagogique, scientifique ou culturel, de prestations visant \u00e0 promouvoir la d\u00e9couverte et la compr\u00e9hension des milieux naturels.<\/span><\/p>\n<h4 class=\"Style20\" style=\"text-align: center;\"><span style=\"color: #003366;\">Comment devenir membre actif ?<\/span><\/h4>\n<p><span style=\"color: #003366;\">Pour \u00eatre membre actif, il faut :<\/span><\/p>\n<p><span style=\"color: #003366;\">&#8211;\u00a0 \u00eatre majeur ou fournir une autorisation \u00e9crite d\u2019un tuteur l\u00e9gal,<\/span><\/p>\n<p><span style=\"color: #003366;\">&#8211; \u00eatre agr\u00e9\u00e9 par le Comit\u00e9 Directeur (En cas de refus, ce dernier n\u2019est pas oblig\u00e9 de motiver sa d\u00e9cision).<\/span><\/p>\n<p><span style=\"color: #003366;\">&#8211; s&rsquo;acquitter d&rsquo;une cotisation annuelle.\u00b7 Le taux de la cotisation et le montant des droits d\u2019entr\u00e9e \u00e9ventuels sont fix\u00e9s annuellement par l\u2019Assembl\u00e9e G\u00e9n\u00e9rale. La cotisation annuelle est due \u00e0 partir du 1er janvier de chaque ann\u00e9e \u00e0 l\u2019association avec une date limite fix\u00e9e au 28 f\u00e9vrier ; pass\u00e9e cette date, une majoration de 50 % sera demand\u00e9e au retardataire. Un nouveau membre adh\u00e9rent apr\u00e8s le 30 septembre ne sera pas sollicit\u00e9 sauf \u00e0 valoir sur la cotisation de l\u2019ann\u00e9e suivante.<\/span><\/p>\n<h3 class=\"Style20\" style=\"text-align: center;\"><span style=\"color: #003366;\">Comment adh\u00e9rer ?<\/span><\/h3>\n<p class=\"Style13\" align=\"justify\"><span style=\"color: #003366;\">Il vous suffit pour cela de remplir la fiche d&rsquo;inscription (t\u00e9l\u00e9chargeable en PDF) que vous trouverez ici : <\/span><\/p>\n<h4 class=\"Style13\" style=\"text-align: center;\" align=\"justify\"><span style=\"color: #003366;\"><a href=\"http:\/\/aessfg.fr\/wp-content\/uploads\/2022\/02\/Demande-dadhesion-AESSFG-2022.docx\"><em>Formulaire d\u2019inscription<\/em><\/a><br \/>\n<\/span><\/h4>\n<p class=\"Style13\" align=\"justify\"><span style=\"color: #003366;\">Pour plus de\u00a0 pr\u00e9cision ,\u00a0 lire \u00e9galement les statuts complets de l&rsquo;AESSFG :<\/span><\/p>\n<h4 class=\"Style13\" style=\"text-align: center;\" align=\"justify\"><a href=\"http:\/\/aessfg.fr\/?page_id=22\u2197\"><span style=\"color: #003366;\"> <em>Statuts<\/em><\/span><\/a><\/h4>\n<h3 style=\"text-align: center;\" align=\"justify\"><span class=\"Style13\" style=\"color: #003366;\">\u00a0Bienvenu dans notre groupe !<\/span><\/h3>\n<\/td>\n<\/tr>\n<\/tbody>\n<\/table>\n","protected":false},"excerpt":{"rendered":"<p>Comment devenir membre de l&rsquo;AESSFG ? Nos actions vous int\u00e9resse ? Voici avant tout les objectifs de l&rsquo;AESSFG : Extrait de l&rsquo;article 1 des statuts de l&rsquo;AESSFG : L\u2019association dite A.E.S.S.F.G. \u00ab Association pour l\u2019\u00c9tude et la Sauvegarde des Sites Fossilif\u00e8res et G\u00e9ologiques \u00bb a pour but l\u2019\u00e9tude des faunes et des flores, pr\u00e9sentes dans &hellip; <a href=\"https:\/\/aessfg.fr\/?page_id=25\" class=\"more-link\">Continuer la lecture de <span class=\"screen-reader-text\">REJOIGNEZ NOUS !<\/span>  <span class=\"meta-nav\">&rarr;<\/span><\/a><\/p>\n","protected":false},"author":2,"featured_media":0,"parent":0,"menu_order":0,"comment_status":"closed","ping_status":"open","template":"","meta":{"footnotes":""},"class_list":["post-25","page","type-page","status-publish","hentry"],"_links":{"self":[{"href":"https:\/\/aessfg.fr\/index.php?rest_route=\/wp\/v2\/pages\/25","targetHints":{"allow":["GET"]}}],"collection":[{"href":"https:\/\/aessfg.fr\/index.php?rest_route=\/wp\/v2\/pages"}],"about":[{"href":"https:\/\/aessfg.fr\/index.php?rest_route=\/wp\/v2\/types\/page"}],"author":[{"embeddable":true,"href":"https:\/\/aessfg.fr\/index.php?rest_route=\/wp\/v2\/users\/2"}],"replies":[{"embeddable":true,"href":"https:\/\/aessfg.fr\/index.php?rest_route=%2Fwp%2Fv2%2Fcomments&post=25"}],"version-history":[{"count":19,"href":"https:\/\/aessfg.fr\/index.php?rest_route=\/wp\/v2\/pages\/25\/revisions"}],"predecessor-version":[{"id":790,"href":"https:\/\/aessfg.fr\/index.php?rest_route=\/wp\/v2\/pages\/25\/revisions\/790"}],"wp:attachment":[{"href":"https:\/\/aessfg.fr\/index.php?rest_route=%2Fwp%2Fv2%2Fmedia&parent=25"}],"curies":[{"name":"wp","href":"https:\/\/api.w.org\/{rel}","templated":true}]}}