{"id":100,"date":"2015-08-06T19:13:36","date_gmt":"2015-08-06T17:13:36","guid":{"rendered":"http:\/\/aessfg.fr\/v2\/?page_id=100"},"modified":"2021-06-29T18:56:43","modified_gmt":"2021-06-29T16:56:43","slug":"historique","status":"publish","type":"page","link":"https:\/\/aessfg.fr\/?page_id=100","title":{"rendered":"HISTORIQUE"},"content":{"rendered":"<h1 style=\"text-align: center;\"><span style=\"color: #008000;\"><strong>Historique du processus de sauvegarde et de classement du site fossilif\u00e8re du Gu\u00e9pelle (Saint-Witz, 95)<\/strong><\/span><\/h1>\n<p><span style=\"color: #003366;\"><strong>Juillet 2005<\/strong> : reprise du remblaiement par REP (Routi\u00e8re de l&rsquo;Est Parisien, exploitant du site).<\/span><\/p>\n<p><span style=\"color: #003366;\"><strong>Juin 2006<\/strong> : rencontre REP \u2013 membres de la future AESSFG \u2013 MNHN, Ledon.<\/span><br \/><span style=\"color: #003366;\">Demande d\u2019acc\u00e8s pour fouilles, soumise \u00e0 accord DRIRE. Premi\u00e8res discussions sur sauvegarde d\u2019une partie de la sabli\u00e8re (abandonn\u00e9es jusqu\u2019\u00e0 fin 2006). Recommandation REP de monter une association Loi 1901.<\/span><br \/><span style=\"color: #003366;\">D\u00e9finition d\u2019un plan d\u2019action pour l\u2019\u00e9tude scientifique.<\/span><\/p>\n<p><span style=\"color: #003366;\"><strong>Ao\u00fbt 2006<\/strong> : cr\u00e9ation de l&rsquo;AESSFG. Relance de la REP pour qu\u2019elle d\u00e9pose un dossier en DRIRE pour autoriser l\u2019acc\u00e8s officiellement.<\/span><\/p>\n<p><span style=\"color: #003366;\"><strong>Novembre 2006<\/strong> : REP informe l&rsquo;AESSFG du d\u00e9p\u00f4t (en Mai !) du dossier, dans le cadre du renouvellement de son AP. El\u00e9ments AESSFG non inclus dans ce dossier. Sugg\u00e8re prise de contact avec commissaire-enqu\u00eateur DRIRE.<\/span><\/p>\n<p><span style=\"color: #003366;\"><strong>D\u00e9cembre 2006<\/strong> : prise de contact AESSFG \/ scientifiques divers pour obtenir lettres de soutien pour enrichir le dossier \u00e0 transmettre au commissaire-enqu\u00eateur. Fourniture par ceux-ci de ces lettres. D\u00e9cision, sur leur conseil, de s\u2019engager dans un processus de pr\u00e9servation.<\/span><\/p>\n<p><span style=\"color: #003366;\"><strong>Mars 2007<\/strong> : r\u00e9ception par l\u2019AESSFG du rapport du commissaire-enqu\u00eateur avec son avis favorable sur la requ\u00eate d\u2019acc\u00e8s pour \u00e9tude.<\/span><\/p>\n<p><span style=\"color: #003366;\"><strong>Juillet 2007<\/strong> : requ\u00eate AESSFG rejet\u00e9e au vu des termes du nouvel A.P (non modifi\u00e9 pour ce qui concerne les restrictions d\u2019acc\u00e8s).<\/span><\/p>\n<p><span style=\"color: #003366;\"><strong>Ao\u00fbt 2007<\/strong> : courrier AESSFG au pr\u00e9fet du 95 pour regretter cette d\u00e9cision et l\u2019informer d\u2019une volont\u00e9 de pr\u00e9servation du site. Pas de r\u00e9ponse re\u00e7ue par AESSFG.<\/span><\/p>\n<p><span style=\"color: #003366;\"><strong>Septembre et Octobre 2007<\/strong> : envoi de courriers similaires au CGVO (Conseil G\u00e9n\u00e9ral du Val d&rsquo;Oise), mairie de Saint-Witz (pas de r\u00e9ponse), Communaut\u00e9 de Communes de Roissy. Acc\u00e8s ponctuels pour \u00e9tude accord\u00e9s par REP.<\/span><\/p>\n<p><span style=\"color: #003366;\"><strong>Octobre 2007<\/strong> : rencontre AESSFG\/CGVO qui ne peut s\u2019engager en l\u2019\u00e9tat (Gu\u00e9pelle pas sur la liste des 20 sites sensibles du 95) et sugg\u00e8re prise de contact avec CRIF (Conseil R\u00e9gional d&rsquo;Ile de France).<\/span><\/p>\n<p><span style=\"color: #003366;\"><strong>Novembre 2007<\/strong> : r\u00e9daction (\u00e0 l\u2019intention des collectivit\u00e9s locales concern\u00e9es) d\u2019un Avant-Projet Sommaire (APS) pour la protection d\u2019une partie du site. Description de l\u2019int\u00e9r\u00eat g\u00e9ologique du site, du plan d\u2019\u00e9tude scientifique, des zones \u00e0 prot\u00e9ger, des moyens de protection, des pistes de valorisation\u2026<\/span><\/p>\n<p><span style=\"color: #003366;\"><strong>D\u00e9cembre 2007<\/strong> : pr\u00e9sentation de l\u2019APS \u00e0 la REP, CC Roissy (bon accueil mais ne sera pas porteur de projet, sugg\u00e8re le CGVO via l\u2019outil (ENS-Espace Naturel Sensible).<\/span><\/p>\n<p><span style=\"color: #003366;\"><strong>Janvier 2008<\/strong> : \u00e0 l\u2019initiative du CGVO, r\u00e9union multipartite au CRIF. REP propose de geler l\u2019exploitation des zones concern\u00e9es. Nouvel A.P (Avant-projet) \u00e0 produire pour en tenir compte. Demande de r\u00e9gler\u00ab le probl\u00e8me du foncier \u00bb (prises de contact \u00e0 faire avec les propri\u00e9taires) et de trouver un porteur de projet. Courrier de motivation RNR (R\u00e9serve Naturelle R\u00e9gionale) \u00e0 faire par AESSFG.<\/span><\/p>\n<p><span style=\"color: #003366;\"><strong>Avril 2008<\/strong> : prise de contact avec LPO (Ligue de Protection des oiseaux pour les Riparia riparia (hirondelles de rivage pr\u00e9sentent sur le site)<\/span><\/p>\n<p><span style=\"color: #003366;\"><strong>Novembre 2008<\/strong> : pas d\u2019avanc\u00e9es significatives. R\u00e9daction d\u2019une nouvelle version de l\u2019APS par l\u2019AESSFG, pour y inclure les principaux chapitres des plans de gestion RNR. D\u00e9p\u00f4t du courrier de motivation au CRIF, CGVO, DIREN, CC Roissy, PNR Oise, accompagn\u00e9 de l\u2019APS.<\/span><\/p>\n<p><span style=\"color: #003366;\"><strong>D\u00e9cembre 2008<\/strong> : Toujours pas de porteur de projet. D\u00e9p\u00f4t d\u2019une p\u00e9tition demandant la sauvegarde du site. Plusieurs centaines de signatures rapidement obtenues. Relance des collectivit\u00e9s locales. Obtention d\u2019un courrier de soutien par le PNR de l\u2019Oise. Contacts avec VoTV.<\/span><\/p>\n<p><span style=\"color: #003366;\"><strong>Janvier 2009<\/strong> : Visite du site par les collectivit\u00e9s concern\u00e9es. Accord oral avec VEOLIA (dont la REP fait d\u00e9sormais partie) sur zones \u00e0 geler en exploitation\/remblaiement. CGVO porteur de projet. Soutien de l\u2019Acad\u00e9mie de Versailles. D\u00e9cision du CRIF de soumettre le cas du Gu\u00e9pelle au CSRPN de l\u2019IdF. Dossier d\u00e9fendu en s\u00e9ance par AESSFG et MNHN. Accord donn\u00e9 pour mise en instance de classement RNR. D\u00e9cision de mandater le Cabinet d&rsquo;\u00e9tude \u00ab\u00a0In Situ\u00a0\u00bb pour \u00e9tude du dossier de modification de l\u2019A.P et des pr\u00e9conisations techniques \u00e0 mettre en place pour la conservation des t\u00e9moins g\u00e9ologiques (pris en charge par DIREN).<\/span><\/p>\n<p><span style=\"color: #003366;\"><strong>Mars 2009<\/strong> : Salve d&rsquo;avertissements de l\u2019AESSFG suite \u00e0 non-respect par VEOLIA des zones \u00ab sanctuaris\u00e9es \u00bb en janvier.<\/span><\/p>\n<p><span style=\"color: #003366;\"><strong>Avril 2009<\/strong> : \u00ab \u00e0 titre compensatoire \u00bb, travaux de terrain effectu\u00e9s par VEOLIA avec supervision technique AESSFG : recherche des niveaux de Beauchamp sur front Sud, mise de c\u00f4t\u00e9 de 1000 m3 de s\u00e9diments. Rappel par CRIF de la n\u00e9cessit\u00e9 de contact rapide avec les propri\u00e9taires pour accord sur AP (d\u00e8s qu\u2019In Situ aura fini son \u00e9tude).<\/span><\/p>\n<p><span style=\"color: #003366;\"><strong>Juin 2009<\/strong> : Site mis en instance ENS par d\u00e9lib\u00e9ration du CGVO, accord de la commune \u00e0 obtenir. Lancement d\u2019estimations fonci\u00e8res par les Domaines. Finalisation de l\u2019\u00e9tude In Situ avec pr\u00e9conisations \u00e9tablies en commun avec l&rsquo;AESSFG (gestion des eaux, p\u00e9rim\u00e8tre concern\u00e9, am\u00e9nagement de coupes, s\u00e9curisation\u2026).<\/span><\/p>\n<p><span style=\"color: #003366;\"><strong>Juillet 2009<\/strong> : pr\u00e9sentation In Situ \u00e0 la DRIRE. Pas de remarques contradictoires sur les principes de r\u00e9am\u00e9nagement propos\u00e9s. Demande d\u2019un compl\u00e9ment d&rsquo;expertise r\u00e9alis\u00e9 par un tiers ind\u00e9pendant. Cette expertise porterait sur les questions de stabilit\u00e9-s\u00e9curit\u00e9 et validerait\/amenderait les pr\u00e9conisations de l&rsquo;APS. Rappel que l&rsquo;accord des propri\u00e9taires et des collectivit\u00e9s concern\u00e9es est n\u00e9cessaire en amont de la demande modificative d&rsquo;exploitation qui sera d\u00e9pos\u00e9e par VEOLIA.<\/span><\/p>\n<p><span style=\"color: #003366;\"><strong>Octobre 2009<\/strong> : Rencontre CGVO \u2013 mairie de Saint-Witz, qui se d\u00e9clare favorable aux principes du nouveau plan de r\u00e9am\u00e9nagement et \u00e0 un double statut RNR\/ENS sur le site.<\/span><\/p>\n<p><span style=\"color: #003366;\"><strong>D\u00e9cembre 2009<\/strong> : accord officiel, par d\u00e9lib\u00e9ration, de la commune de Saint-Witz.<\/span><\/p>\n<p><span style=\"color: #003366;\"><strong>F\u00e9vrier 2010<\/strong> : visite de l\u2019IUGS (International Union of G\u00e9ological Sciences)\u00a0 \u00e0 l\u2019occasion de son congr\u00e8s mondial sur la stratigraphie.<\/span><br \/><span style=\"color: #003366;\">Prise de contact CGVO avec les propri\u00e9taires, pour n\u00e9gociations sur vente des terrains.<\/span><\/p>\n<p><span style=\"color: #003366;\"><strong>Juin 2010<\/strong> : prise de contact AESSFG avec le CORIF (Centre Ornithologique d&rsquo;Ile de France). Officialisation de la zone de pr\u00e9emption ENSD par le CGVO. Veolia attend la fin des n\u00e9gociations fonci\u00e8res pour travailler sur l\u2019A.P.<\/span><\/p>\n<p><span style=\"color: #003366;\"><strong>Ao\u00fbt 2010<\/strong> : un article du Parisien reprend le classement ENSD du site. Relances des propri\u00e9taires par le CGVO, estimations r\u00e9vis\u00e9es par les Domaines. Pose par l\u2019AESSFG de filets de protection sur les niveaux fossilif\u00e8res les plus sensibles.<\/span><\/p>\n<p><span style=\"color: #003366;\"><strong>Septembre 2010<\/strong> : diffusion d\u2019un communiqu\u00e9 de presse pr\u00e9sentant l\u2019int\u00e9r\u00eat du site et le processus de sauvegarde aux m\u00e9dias mais sans retomb\u00e9es cons\u00e9quentes.<\/span><\/p>\n<p><span style=\"color: #003366;\"><strong>Octobre 2010<\/strong> : premiers accords de propri\u00e9taires notamment sur les parcelles au c\u0153ur du g\u00e9osite. Modification des coupes propos\u00e9es pour sauvegarde (du fait de l\u2019\u00e9volution du terrain) et autres pr\u00e9conisations relatives aux thalwegs, bassins d\u2019orage, terre v\u00e9g\u00e9tale, paroi Riparia, locaux etc\u2026 Demande \u00e0 Veolia d\u2019int\u00e9grer ces modifications dans le nouvel A.P.<\/span><\/p>\n<p><span style=\"color: #003366;\"><strong>D\u00e9cembre 2010<\/strong> : Sollicitation de Veolia Propret\u00e9 par le CRIF pour accompagnement pour la mise en valeur du site. Demande d\u2019une nouvelle \u00e9tude de r\u00e9am\u00e9nagement int\u00e9grant les derni\u00e8res modifications apport\u00e9es aux pr\u00e9conisations techniques.<\/span><\/p>\n<p><span style=\"color: #003366;\"><strong>Mars 2011<\/strong> : lancement par Veolia d\u2019une \u00e9tude de stabilit\u00e9 des remblais (mais pas sur la partie g\u00e9osite). Acceptation de l\u2019ensemble des propri\u00e9taires pour la vente des terrains, \u00e0 l\u2019exception des bordures Sud.<\/span><\/p>\n<p><span style=\"color: #003366;\"><strong>Juillet 2011<\/strong> : du fait de l\u2019accord propri\u00e9taires, d\u00e9p\u00f4t par Veolia d\u2019un A.P modifi\u00e9, en l\u2019absence de validation pr\u00e9alable par CGVO\/CRIF\/AESSFG.<\/span><\/p>\n<p><span style=\"color: #003366;\"><strong>Septembre 2011-F\u00e9vrier 2012<\/strong> : plusieurs contacts avec Veolia relatifs \u00e0 des d\u00e9fauts \u00e0 reprendre au niveau des model\u00e9s et des remblaiements.<\/span><\/p>\n<p><span style=\"color: #003366;\"><strong>Mars-Mai 2012<\/strong> : r\u00e9alisation d\u2019une \u00e9tude g\u00e9otechnique sur la partie g\u00e9osite. Pr\u00e9conisations sur s\u00e9curisation, acc\u00e8s\u2026<\/span><\/p>\n<p><span style=\"color: #003366;\"><strong>Juin 2012<\/strong> : relance du CGVO demandant \u00e0 Veolia l\u2019ex\u00e9cution des travaux d\u2019am\u00e9nagement convenus au niveau des d\u00e9fauts constat\u00e9s (remblais, foss\u00e9s d\u2019\u00e9coulement\u2026)<\/span><\/p>\n<p><span style=\"color: #003366;\"><strong>Juillet 2012<\/strong> : d\u00e9p\u00f4t par REP d\u2019une nouvelle modification d\u2019AP, sans validation pr\u00e9alable CGVO\/CRIF\/AESSFG.<\/span><\/p>\n<p><span style=\"color: #003366;\"><strong>S<span style=\"color: #003366;\">eptembre 2012<\/span><\/strong> : r\u00e9alisation par Veolia de quelques-uns de ces travaux. Toujours pas de date de fin de chantier. Date de passage en commission des carri\u00e8res pas encore connue. Demande CRIF vers DRIEE pour faire acc\u00e9l\u00e9rer les choses. In Situ mandat\u00e9 \u00e0 nouveau pour r\u00e9actualisation du plan de r\u00e9am\u00e9nagement suite aux modifications apport\u00e9es depuis 2009, collaboration AESSFG sollicit\u00e9e.<\/span><\/p>\n<p><strong><span style=\"color: #003366;\">Septembre 2012\u00a0<\/span><\/strong><span style=\"color: #003366;\">: participation de l\u2019AESSFG au congr\u00e8s du patrimoine g\u00e9ologique \u00e0 Digne. R\u00e9daction d\u2019un poster et d\u2019un article pour les Actes.<\/span><\/p>\n<p><span style=\"color: #003366;\"><strong>F\u00e9vrier 2013<\/strong>\u00a0: r\u00e9daction par V\u00e9olia d\u2019une version (d\u00e9finitive\u00a0?) d\u2019arr\u00eat\u00e9 pr\u00e9fectoral modifi\u00e9. R\u00e9daction volontairement sous forme tr\u00e8s floue.<\/span><\/p>\n<p><span style=\"color: #003366;\"><strong>Mars 2013<\/strong>\u00a0: le CG engage des d\u00e9marches compl\u00e9mentaires d\u2019acquisition\u00a0: parcelles d\u00e9j\u00e0 recouvertes de terre v\u00e9g\u00e9tale (158, 159), une bande d\u2019une vingtaine de m\u00e8tres le long de la cl\u00f4ture Ouest, bande d\u2019une trentaine de m\u00e8tres le long de la cl\u00f4ture Est (160, 161, 162), un morceau de la 443 permettant \u00e0 terme de g\u00e9rer un bassin d\u2019\u00e9coulement \u00e0 l\u2019angle SE.<\/span><\/p>\n<p><span style=\"color: #003366;\"><strong>2015\u00a0:<\/strong> acquisition par le CG95 d\u2019une partie du secteur non exploit\u00e9 en bordure Sud du site, pour servir de r\u00e9serve de patrimoine g\u00e9ologique en place et de recul n\u00e9cessaire du front de taille. Travaux d\u2019am\u00e9nagement en vue de l\u2019obtention du PV de recollement par la DRIEE (foss\u00e9s, bassins d\u2019\u00e9coulement, cl\u00f4tures\u2026). Cr\u00e9ation d\u2019une butte de remblai en dace du front Sud, pour servir de point d\u2019observation. Sortie du r\u00e9gime carrier en 2015.<\/span><\/p>\n<p><span style=\"color: #003366;\"><strong>2017<\/strong> : Etablissement d\u2019un plan de gestion par les bureaux d\u2019\u00e9tude In Situ et Ecosph\u00e8re. En fin d\u2019ann\u00e9e, r\u00e9alisation de coupes \u00e9tag\u00e9es le long du front Sud. R\u00e9alisation d\u2019une fouille en fond de carri\u00e8re pour atteindre le contact avec le Lut\u00e9tien sous-jacent.<\/span><\/p>\n<p><span style=\"color: #003366;\"><strong>2018\u00a0-2020<\/strong>\u00a0: poursuite de travaux d\u2019am\u00e9nagement et d\u2019entretien (parking, fauche et arrachage s\u00e9lectifs, suppression de ligneux, cl\u00f4tures, cheminements). R\u00e9alisation de panneaux p\u00e9dagogiques pr\u00e9sentant le site (sous les angles g\u00e9ologie et faune-flore) en entr\u00e9e de site, et devant chaque coupe am\u00e9nag\u00e9e. R\u00e9alisation de b\u00e2ches de protection pour les coupes, figurant l\u2019environnement pal\u00e9o\u00e9cologique correspondant aux niveaux principaux expos\u00e9s par chaque coupe. Cr\u00e9ation de r\u00e9serves de s\u00e9diment devant chaque coupe. R\u00e9alisation d\u2019abris-bois en fond de carri\u00e8re et \u00e0 l\u2019entr\u00e9e de la rampe d\u2019acc\u00e8s.<\/span><\/p>\n\n\n<p><\/p>\n","protected":false},"excerpt":{"rendered":"<p>Historique du processus de sauvegarde et de classement du site fossilif\u00e8re du Gu\u00e9pelle (Saint-Witz, 95) Juillet 2005 : reprise du remblaiement par REP (Routi\u00e8re de l&rsquo;Est Parisien, exploitant du site). Juin 2006 : rencontre REP \u2013 membres de la future AESSFG \u2013 MNHN, Ledon.Demande d\u2019acc\u00e8s pour fouilles, soumise \u00e0 accord DRIRE. Premi\u00e8res discussions sur sauvegarde &hellip; <a href=\"https:\/\/aessfg.fr\/?page_id=100\" class=\"more-link\">Continuer la lecture de <span class=\"screen-reader-text\">HISTORIQUE<\/span>  <span class=\"meta-nav\">&rarr;<\/span><\/a><\/p>\n","protected":false},"author":2,"featured_media":0,"parent":0,"menu_order":0,"comment_status":"closed","ping_status":"open","template":"","meta":{"footnotes":""},"class_list":["post-100","page","type-page","status-publish","hentry"],"_links":{"self":[{"href":"https:\/\/aessfg.fr\/index.php?rest_route=\/wp\/v2\/pages\/100","targetHints":{"allow":["GET"]}}],"collection":[{"href":"https:\/\/aessfg.fr\/index.php?rest_route=\/wp\/v2\/pages"}],"about":[{"href":"https:\/\/aessfg.fr\/index.php?rest_route=\/wp\/v2\/types\/page"}],"author":[{"embeddable":true,"href":"https:\/\/aessfg.fr\/index.php?rest_route=\/wp\/v2\/users\/2"}],"replies":[{"embeddable":true,"href":"https:\/\/aessfg.fr\/index.php?rest_route=%2Fwp%2Fv2%2Fcomments&post=100"}],"version-history":[{"count":7,"href":"https:\/\/aessfg.fr\/index.php?rest_route=\/wp\/v2\/pages\/100\/revisions"}],"predecessor-version":[{"id":557,"href":"https:\/\/aessfg.fr\/index.php?rest_route=\/wp\/v2\/pages\/100\/revisions\/557"}],"wp:attachment":[{"href":"https:\/\/aessfg.fr\/index.php?rest_route=%2Fwp%2Fv2%2Fmedia&parent=100"}],"curies":[{"name":"wp","href":"https:\/\/api.w.org\/{rel}","templated":true}]}}